{"id":3598,"date":"2023-07-07T16:29:45","date_gmt":"2023-07-07T19:29:45","guid":{"rendered":"https:\/\/neos.ind.br\/novosite\/?post_type=product&#038;p=3598"},"modified":"2023-12-21T15:47:20","modified_gmt":"2023-12-21T18:47:20","slug":"tqc110","status":"publish","type":"product","link":"https:\/\/neos.ind.br\/novosite\/produto\/tqc110\/","title":{"rendered":"TQC110"},"content":{"rendered":"<h3 class=\"cor1\">Simulador de Imped\u00e2ncia<\/h3>\n<p>O TQC110 \u00e9 um simulador de imped\u00e2ncia utilizado para realizar ensaio de imped\u00e2ncia do eletrodo neutro (placa de retorno) em unidades eletrocir\u00fargicas. \u00c9 um equipamento eletr\u00f4nico port\u00e1til de Engenharia Cl\u00ednica, que simula imped\u00e2ncia de 0\u03a9 a 99\u03a9.<\/p>\n<p>&nbsp;<\/p>\n<h3 class=\"cor1\">Acess\u00f3rios Inclusos no Produto<\/h3>\n<p><img fetchpriority=\"high\" decoding=\"async\" class=\"alignnone wp-image-4765\" src=\"https:\/\/neos.ind.br\/novosite\/wp-content\/uploads\/2023\/07\/Kit-TQC110-300x300.png\" alt=\"\" width=\"480\" height=\"480\" srcset=\"https:\/\/neos.ind.br\/novosite\/wp-content\/uploads\/2023\/07\/Kit-TQC110-300x300.png 300w, https:\/\/neos.ind.br\/novosite\/wp-content\/uploads\/2023\/07\/Kit-TQC110-1024x1024.png 1024w, https:\/\/neos.ind.br\/novosite\/wp-content\/uploads\/2023\/07\/Kit-TQC110-150x150.png 150w, https:\/\/neos.ind.br\/novosite\/wp-content\/uploads\/2023\/07\/Kit-TQC110-768x768.png 768w, https:\/\/neos.ind.br\/novosite\/wp-content\/uploads\/2023\/07\/Kit-TQC110-1536x1536.png 1536w, https:\/\/neos.ind.br\/novosite\/wp-content\/uploads\/2023\/07\/Kit-TQC110-600x600.png 600w, https:\/\/neos.ind.br\/novosite\/wp-content\/uploads\/2023\/07\/Kit-TQC110-100x100.png 100w, https:\/\/neos.ind.br\/novosite\/wp-content\/uploads\/2023\/07\/Kit-TQC110.png 1772w\" sizes=\"(max-width: 480px) 100vw, 480px\" \/><\/p>\n<p><a href=\"http:\/\/www-neos-ind-br.rds.land\/ficha-tecnica-tqc100\"><strong>Baixe as especifica\u00e7\u00f5es t\u00e9cnica do TQC100<\/strong><\/a><\/p>\n<p><a href=\"http:\/\/www-neos-ind-br.rds.land\/ficha-tecnica-tqc100\"><img decoding=\"async\" class=\"alignnone wp-image-3375\" src=\"https:\/\/neos.ind.brwp-content\/uploads\/2023\/04\/tqc100-208x300.jpg\" alt=\"\" width=\"164\" height=\"237\" srcset=\"https:\/\/neos.ind.br\/novosite\/wp-content\/uploads\/2023\/04\/tqc100-208x300.jpg 208w, https:\/\/neos.ind.br\/novosite\/wp-content\/uploads\/2023\/04\/tqc100.jpg 381w\" sizes=\"(max-width: 164px) 100vw, 164px\" \/><\/a><\/p>\n<h3><a href=\"http:\/\/www-neos-ind-br.rds.land\/ficha-tecnica-tqc100\">Clique aqui!<\/a><\/h3>\n","protected":false},"excerpt":{"rendered":"<p>Simulador de Imped\u00e2ncia O TQC110 \u00e9 um simulador de imped\u00e2ncia utilizado para realizar ensaio de imped\u00e2ncia do eletrodo neutro (placa de retorno) em unidades eletrocir\u00fargicas. \u00c9 um equipamento eletr\u00f4nico port\u00e1til de Engenharia Cl\u00ednica, que simula imped\u00e2ncia de 0\u03a9 a 99\u03a9. &nbsp; Acess\u00f3rios Inclusos no Produto Baixe as especifica\u00e7\u00f5es t\u00e9cnica do TQC100 Clique aqui!<\/p>\n","protected":false},"featured_media":4605,"comment_status":"closed","ping_status":"closed","template":"","meta":{"_acf_changed":false},"product_cat":[24,68],"product_tag":[],"class_list":{"0":"post-3598","1":"product","2":"type-product","3":"status-publish","4":"has-post-thumbnail","6":"product_cat-todos","7":"product_cat-simulador-de-paciente","9":"first","10":"instock","11":"downloadable","12":"shipping-taxable","13":"purchasable","14":"product-type-simple"},"acf":[],"yoast_head":"<!-- This site is optimized with the Yoast SEO plugin v22.3 - https:\/\/yoast.com\/wordpress\/plugins\/seo\/ -->\n<title>TQC110 - N\u00e9os<\/title>\n<meta name=\"robots\" content=\"index, follow, max-snippet:-1, max-image-preview:large, max-video-preview:-1\" \/>\n<link rel=\"canonical\" href=\"https:\/\/neos.ind.br\/novosite\/produto\/tqc110\/\" \/>\n<meta property=\"og:locale\" content=\"pt_BR\" \/>\n<meta property=\"og:type\" content=\"article\" \/>\n<meta property=\"og:title\" content=\"TQC110 - N\u00e9os\" \/>\n<meta property=\"og:description\" content=\"Simulador de Imped\u00e2ncia O TQC110 \u00e9 um simulador de imped\u00e2ncia utilizado para realizar ensaio de imped\u00e2ncia do eletrodo neutro (placa de retorno) em unidades eletrocir\u00fargicas. \u00c9 um equipamento eletr\u00f4nico port\u00e1til de Engenharia Cl\u00ednica, que simula imped\u00e2ncia de 0\u03a9 a 99\u03a9. &nbsp; Acess\u00f3rios Inclusos no Produto Baixe as especifica\u00e7\u00f5es t\u00e9cnica do TQC100 Clique aqui!\" \/>\n<meta property=\"og:url\" content=\"https:\/\/neos.ind.br\/novosite\/produto\/tqc110\/\" \/>\n<meta property=\"og:site_name\" content=\"N\u00e9os\" \/>\n<meta property=\"article:modified_time\" content=\"2023-12-21T18:47:20+00:00\" \/>\n<meta property=\"og:image\" content=\"https:\/\/neos.ind.br\/novosite\/wp-content\/uploads\/2023\/07\/TQC110-1-scaled.jpg\" \/>\n\t<meta property=\"og:image:width\" content=\"2560\" \/>\n\t<meta property=\"og:image:height\" content=\"2560\" \/>\n\t<meta property=\"og:image:type\" content=\"image\/jpeg\" \/>\n<meta name=\"twitter:card\" content=\"summary_large_image\" \/>\n<meta name=\"twitter:label1\" content=\"Est. tempo de leitura\" \/>\n\t<meta name=\"twitter:data1\" content=\"1 minuto\" \/>\n<script type=\"application\/ld+json\" class=\"yoast-schema-graph\">{\"@context\":\"https:\/\/schema.org\",\"@graph\":[{\"@type\":\"WebPage\",\"@id\":\"https:\/\/neos.ind.br\/novosite\/produto\/tqc110\/\",\"url\":\"https:\/\/neos.ind.br\/novosite\/produto\/tqc110\/\",\"name\":\"TQC110 - N\u00e9os\",\"isPartOf\":{\"@id\":\"https:\/\/neos.ind.br\/novosite\/#website\"},\"primaryImageOfPage\":{\"@id\":\"https:\/\/neos.ind.br\/novosite\/produto\/tqc110\/#primaryimage\"},\"image\":{\"@id\":\"https:\/\/neos.ind.br\/novosite\/produto\/tqc110\/#primaryimage\"},\"thumbnailUrl\":\"https:\/\/neos.ind.br\/novosite\/wp-content\/uploads\/2023\/07\/TQC110-1-scaled.jpg\",\"datePublished\":\"2023-07-07T19:29:45+00:00\",\"dateModified\":\"2023-12-21T18:47:20+00:00\",\"breadcrumb\":{\"@id\":\"https:\/\/neos.ind.br\/novosite\/produto\/tqc110\/#breadcrumb\"},\"inLanguage\":\"pt-BR\",\"potentialAction\":[{\"@type\":\"ReadAction\",\"target\":[\"https:\/\/neos.ind.br\/novosite\/produto\/tqc110\/\"]}]},{\"@type\":\"ImageObject\",\"inLanguage\":\"pt-BR\",\"@id\":\"https:\/\/neos.ind.br\/novosite\/produto\/tqc110\/#primaryimage\",\"url\":\"https:\/\/neos.ind.br\/novosite\/wp-content\/uploads\/2023\/07\/TQC110-1-scaled.jpg\",\"contentUrl\":\"https:\/\/neos.ind.br\/novosite\/wp-content\/uploads\/2023\/07\/TQC110-1-scaled.jpg\",\"width\":2560,\"height\":2560},{\"@type\":\"BreadcrumbList\",\"@id\":\"https:\/\/neos.ind.br\/novosite\/produto\/tqc110\/#breadcrumb\",\"itemListElement\":[{\"@type\":\"ListItem\",\"position\":1,\"name\":\"In\u00edcio\",\"item\":\"https:\/\/neos.ind.br\/novosite\/\"},{\"@type\":\"ListItem\",\"position\":2,\"name\":\"Produtos\",\"item\":\"https:\/\/neos.ind.br\/novosite\/produtos\/\"},{\"@type\":\"ListItem\",\"position\":3,\"name\":\"TQC110\"}]},{\"@type\":\"WebSite\",\"@id\":\"https:\/\/neos.ind.br\/novosite\/#website\",\"url\":\"https:\/\/neos.ind.br\/novosite\/\",\"name\":\"N\u00e9os\",\"description\":\"\",\"publisher\":{\"@id\":\"https:\/\/neos.ind.br\/novosite\/#organization\"},\"potentialAction\":[{\"@type\":\"SearchAction\",\"target\":{\"@type\":\"EntryPoint\",\"urlTemplate\":\"https:\/\/neos.ind.br\/novosite\/?s={search_term_string}\"},\"query-input\":\"required name=search_term_string\"}],\"inLanguage\":\"pt-BR\"},{\"@type\":\"Organization\",\"@id\":\"https:\/\/neos.ind.br\/novosite\/#organization\",\"name\":\"N\u00e9os\",\"url\":\"https:\/\/neos.ind.br\/novosite\/\",\"logo\":{\"@type\":\"ImageObject\",\"inLanguage\":\"pt-BR\",\"@id\":\"https:\/\/neos.ind.br\/novosite\/#\/schema\/logo\/image\/\",\"url\":\"https:\/\/neos.ind.br\/novosite\/wp-content\/uploads\/2023\/07\/logo-topo.png\",\"contentUrl\":\"https:\/\/neos.ind.br\/novosite\/wp-content\/uploads\/2023\/07\/logo-topo.png\",\"width\":147,\"height\":66,\"caption\":\"N\u00e9os\"},\"image\":{\"@id\":\"https:\/\/neos.ind.br\/novosite\/#\/schema\/logo\/image\/\"}}]}<\/script>\n<!-- \/ Yoast SEO plugin. -->","yoast_head_json":{"title":"TQC110 - N\u00e9os","robots":{"index":"index","follow":"follow","max-snippet":"max-snippet:-1","max-image-preview":"max-image-preview:large","max-video-preview":"max-video-preview:-1"},"canonical":"https:\/\/neos.ind.br\/novosite\/produto\/tqc110\/","og_locale":"pt_BR","og_type":"article","og_title":"TQC110 - N\u00e9os","og_description":"Simulador de Imped\u00e2ncia O TQC110 \u00e9 um simulador de imped\u00e2ncia utilizado para realizar ensaio de imped\u00e2ncia do eletrodo neutro (placa de retorno) em unidades eletrocir\u00fargicas. \u00c9 um equipamento eletr\u00f4nico port\u00e1til de Engenharia Cl\u00ednica, que simula imped\u00e2ncia de 0\u03a9 a 99\u03a9. &nbsp; Acess\u00f3rios Inclusos no Produto Baixe as especifica\u00e7\u00f5es t\u00e9cnica do TQC100 Clique aqui!","og_url":"https:\/\/neos.ind.br\/novosite\/produto\/tqc110\/","og_site_name":"N\u00e9os","article_modified_time":"2023-12-21T18:47:20+00:00","og_image":[{"width":2560,"height":2560,"url":"https:\/\/neos.ind.br\/novosite\/wp-content\/uploads\/2023\/07\/TQC110-1-scaled.jpg","type":"image\/jpeg"}],"twitter_card":"summary_large_image","twitter_misc":{"Est. tempo de leitura":"1 minuto"},"schema":{"@context":"https:\/\/schema.org","@graph":[{"@type":"WebPage","@id":"https:\/\/neos.ind.br\/novosite\/produto\/tqc110\/","url":"https:\/\/neos.ind.br\/novosite\/produto\/tqc110\/","name":"TQC110 - N\u00e9os","isPartOf":{"@id":"https:\/\/neos.ind.br\/novosite\/#website"},"primaryImageOfPage":{"@id":"https:\/\/neos.ind.br\/novosite\/produto\/tqc110\/#primaryimage"},"image":{"@id":"https:\/\/neos.ind.br\/novosite\/produto\/tqc110\/#primaryimage"},"thumbnailUrl":"https:\/\/neos.ind.br\/novosite\/wp-content\/uploads\/2023\/07\/TQC110-1-scaled.jpg","datePublished":"2023-07-07T19:29:45+00:00","dateModified":"2023-12-21T18:47:20+00:00","breadcrumb":{"@id":"https:\/\/neos.ind.br\/novosite\/produto\/tqc110\/#breadcrumb"},"inLanguage":"pt-BR","potentialAction":[{"@type":"ReadAction","target":["https:\/\/neos.ind.br\/novosite\/produto\/tqc110\/"]}]},{"@type":"ImageObject","inLanguage":"pt-BR","@id":"https:\/\/neos.ind.br\/novosite\/produto\/tqc110\/#primaryimage","url":"https:\/\/neos.ind.br\/novosite\/wp-content\/uploads\/2023\/07\/TQC110-1-scaled.jpg","contentUrl":"https:\/\/neos.ind.br\/novosite\/wp-content\/uploads\/2023\/07\/TQC110-1-scaled.jpg","width":2560,"height":2560},{"@type":"BreadcrumbList","@id":"https:\/\/neos.ind.br\/novosite\/produto\/tqc110\/#breadcrumb","itemListElement":[{"@type":"ListItem","position":1,"name":"In\u00edcio","item":"https:\/\/neos.ind.br\/novosite\/"},{"@type":"ListItem","position":2,"name":"Produtos","item":"https:\/\/neos.ind.br\/novosite\/produtos\/"},{"@type":"ListItem","position":3,"name":"TQC110"}]},{"@type":"WebSite","@id":"https:\/\/neos.ind.br\/novosite\/#website","url":"https:\/\/neos.ind.br\/novosite\/","name":"N\u00e9os","description":"","publisher":{"@id":"https:\/\/neos.ind.br\/novosite\/#organization"},"potentialAction":[{"@type":"SearchAction","target":{"@type":"EntryPoint","urlTemplate":"https:\/\/neos.ind.br\/novosite\/?s={search_term_string}"},"query-input":"required name=search_term_string"}],"inLanguage":"pt-BR"},{"@type":"Organization","@id":"https:\/\/neos.ind.br\/novosite\/#organization","name":"N\u00e9os","url":"https:\/\/neos.ind.br\/novosite\/","logo":{"@type":"ImageObject","inLanguage":"pt-BR","@id":"https:\/\/neos.ind.br\/novosite\/#\/schema\/logo\/image\/","url":"https:\/\/neos.ind.br\/novosite\/wp-content\/uploads\/2023\/07\/logo-topo.png","contentUrl":"https:\/\/neos.ind.br\/novosite\/wp-content\/uploads\/2023\/07\/logo-topo.png","width":147,"height":66,"caption":"N\u00e9os"},"image":{"@id":"https:\/\/neos.ind.br\/novosite\/#\/schema\/logo\/image\/"}}]}},"_links":{"self":[{"href":"https:\/\/neos.ind.br\/novosite\/wp-json\/wp\/v2\/product\/3598","targetHints":{"allow":["GET"]}}],"collection":[{"href":"https:\/\/neos.ind.br\/novosite\/wp-json\/wp\/v2\/product"}],"about":[{"href":"https:\/\/neos.ind.br\/novosite\/wp-json\/wp\/v2\/types\/product"}],"replies":[{"embeddable":true,"href":"https:\/\/neos.ind.br\/novosite\/wp-json\/wp\/v2\/comments?post=3598"}],"version-history":[{"count":4,"href":"https:\/\/neos.ind.br\/novosite\/wp-json\/wp\/v2\/product\/3598\/revisions"}],"predecessor-version":[{"id":4842,"href":"https:\/\/neos.ind.br\/novosite\/wp-json\/wp\/v2\/product\/3598\/revisions\/4842"}],"wp:featuredmedia":[{"embeddable":true,"href":"https:\/\/neos.ind.br\/novosite\/wp-json\/wp\/v2\/media\/4605"}],"wp:attachment":[{"href":"https:\/\/neos.ind.br\/novosite\/wp-json\/wp\/v2\/media?parent=3598"}],"wp:term":[{"taxonomy":"product_cat","embeddable":true,"href":"https:\/\/neos.ind.br\/novosite\/wp-json\/wp\/v2\/product_cat?post=3598"},{"taxonomy":"product_tag","embeddable":true,"href":"https:\/\/neos.ind.br\/novosite\/wp-json\/wp\/v2\/product_tag?post=3598"}],"curies":[{"name":"wp","href":"https:\/\/api.w.org\/{rel}","templated":true}]}}